-1)/d).
2, 3, 7
Let r be ((1 - 1)/5)/(-1). Suppose w - 16 + 4 = r. Suppose 0 = 3*s - w*s + 747. What are the prime factors of s?
83
Suppose -18 = -j - 3*i, -5*j - 6 + 26 = i. Suppose -x + 768 = 2*x + 4*b, b - 759 = -j*x. List the prime factors of x.
2, 3, 7
Let f = 104 + -100. Suppose -4*o = f*x - 12, -3*x + 3*o + 17 - 2 = 0. Let z(i) = 6*i**2 + 3*i - 2. What are the prime factors of z(x)?
2, 53
Suppose -11*i + 4*i - 3556 = 0. Let a = i + 1105. List the prime factors of a.
3, 199
Let u be 5 - ((-16 - -7) + 18). List the prime factors of (-10104)/(-11 + 15)*u/6.
2, 421
Let t(k) = 11*k - 3*k**2 - 78 + 64 + 3*k**2 - k**2. Let p be t(9). Suppose -14 - 6 = -p*c. What are the prime factors of c?
5
Let z = 1928 + -518. Suppose -511*a + 506*a + z = 0. What are the prime factors of a?
2, 3, 47
What are the prime factors of ((-16120)/100)/(4/(-280)) + (-1 - -8)?
7, 1613
What are the prime factors of 92326/(-39)*(-5)/((-90)/(-81))?
3, 53, 67
Let b be (8/5)/((-2)/(-5)). Suppose -2*z - 2*f + 24 = -b*f, -4*f = z - 12. List the prime factors of (z/(-8))/(12/(-608)).
2, 19
Suppose -4877 = 8*n - 56685. What are the prime factors of n?
2, 1619
Suppose 0 = -13*f - 110 + 383. List the prime factors of ((-322)/f)/((-4)/162).
3, 23
Let f = -2931 + 6477. Suppose -7*s = -f + 501. List the prime factors of s.
3, 5, 29
Let q = -3053 - -6363. List the prime factors of q.
2, 5, 331
Suppose 9*r = 2*r + 2*r. Suppose -3*j + j + 6 = r. Suppose -5*d - j*s = -5*s - 87, -d = 4*s - 35. List the prime factors of d.
19
Let o(q) be the first derivative of -7*q**2 - 11*q + 21. Let p be o(-7). Let b = -11 + p. What are the prime factors of b?
2, 19
Suppose -18632 = -4*g - 12*i + 15*i, 5*g - 23297 = 2*i. List the prime factors of g.
59, 79
Let a(t) = 17546*t**2 - 90*t - 169. What are the prime factors of a(-2)?
5, 101, 139
Let i = -3305 + 3868. What are the prime factors of i?
563
Let z be 2/(-6)*(-158 - -155). Let j be (-156)/(-1) - (-2)/(-1). List the prime factors of (j/(-35))/((-2)/10*z).
2, 11
Let p(g) = -g**3 - g**2 - 3*g - 1. Suppose 57 - 67 = 5*n. Let b be p(n). Let o(z) = 29*z - 61. What are the prime factors of o(b)?
2, 5
Let h = 6517 + 22974. What are the prime factors of h?
7, 11, 383
Suppose 123 = -40*x - 37. List the prime factors of 8/16 + (-1930)/x.
3, 7, 23
Suppose -3636*a + 79198 = -3622*a. What are the prime factors of a?
5657
Suppose 12*z = 7*z + 70. Let a(y) = y**2 + 4*y - 7. Let t be a(z). Suppose 10 + t = 5*p. List the prime factors of p.
3, 17
Suppose 9*i = 159321 + 79809. What are the prime factors of i?
2, 5, 2657
Let g(p) = -3*p**2 - 22*p - 10. Let q be g(-7). What are the prime factors of 1/q - (-57971)/87?
2, 3, 37
Let n = -18309 + 28832. What are the prime factors of n?
17, 619
Suppose 3*w - 207 = -4*m, 2*w = -5*m + 181 + 76. Let f = 390 - m. Let h = f - 170. List the prime factors of h.
13
Suppose g - 231 = 342. Let m = g + 109. What are the prime factors of m?
2, 11, 31
Let v(z) = z**2 + 6*z + 7. Let g be v(-5). Suppose 5*q - 3*u - 2102 = -g*u, -q = -4*u - 428. What are the prime factors of q?
2, 3, 5, 7
Let b(m) = 2*m**3 - 51*m**2 - 39*m + 43. List the prime factors of b(35).
29, 757
Let w be (-5)/(2*(10/4 - 3)). Suppose -2*n - 11 = -2*k + 89, 2*n = -w*k - 65. Let t = 60 + n. List the prime factors of t.
3, 5
Let j = -63 + 24. Let r = -36 - j. Suppose 2*o - 385 = -r*o. List the prime factors of o.
7, 11
Suppose -30*j + 701243 + 184236 = 52919. List the prime factors of j.
2, 3469
What are the prime factors of (-3166 - (8 - 8))/(-2)?
1583
Let t be 11 + 1/2*0. Let a(b) = 2*b**2 + 75*b - 514. Let o be a(6). What are the prime factors of t/(-44) + 314/o?
3, 13
Suppose d - 3*d = -20. Suppose g - d = -2*y, 2*g - 5*y + 11 = -14. List the prime factors of -254*(g + 3)/(-6).
127
Let j be 13 - ((-4)/(-4))/1. Suppose -3*h - 4 = -2*y, y = -y - h + j. What are the prime factors of 9/45 - (-984)/y?
197
What are the prime factors of 38652/9*(-27)/(-12)?
3, 3221
Suppose -15*t - 35*t = 119*t - 2678143. List the prime factors of t.
13, 23, 53
Let z(u) = -u**3 + 6*u**2 - 4*u + 7. Let l = 233 - 229. What are the prime factors of z(l)?
23
Let c(w) = -2 + 3 + 32*w**2 - 12*w - 17*w**2. Let x be c(5). Suppose -j = -5*j + x. What are the prime factors of j?
79
Let w be 90255/(-44) - (-6)/24. Let b = 3111 + w. List the prime factors of b.
2, 5, 53
Let g(m) = m + 20. Let f be g(13). Suppose 10*u + u + f = 0. Let q = u + 47. List the prime factors of q.
2, 11
Let q(c) = -2*c**2 - 4*c. Let u be q(-2). Suppose u = 6*f - 23*f + 10472. List the prime factors of f.
2, 7, 11
Let l be 1 + ((-8)/52 - 602/(-26)). Suppose -a = 2*a - l. Let m = 28 - a. List the prime factors of m.
2, 5
Let c be (1 - -325) + (2 - 0/5). Suppose -68 - c = -3*i. What are the prime factors of i?
2, 3, 11
Suppose -13*i = -2*p - 17*i + 20636, p + 3*i - 10312 = 0. What are the prime factors of p?
2, 5, 1033
Suppose 188 + 91 = 3*n + 2*a, -n + 85 = -2*a. Suppose 0 = 4*l - 4*i - 3 + n, 0 = -l + 2*i - 23. List the prime factors of (-3054)/l + (-3)/7.
5, 29
List the prime factors of ((188192/(-20))/(-4))/(6 + 28/(-5)).
5881
Suppose -4*d + 24 = -4*l, 30 = 3*d + d + 2*l. Let p = d + -1. List the prime factors of p/12 + (-175)/(-10).
2, 3
Let b be (-650)/(-9) - (-20)/(-90). Suppose 0 = -f + 2*f - b. Let k = f - 12. What are the prime factors of k?
2, 3, 5
Let y = 28 - -17. What are the prime factors of 85 - (y/12 + (-3)/(-12))?
3
Suppose -2*l = -4*a + 18, -4*a - 3*l + 3 = -30. Suppose a*i - 2080 = -20*i. List the prime factors of i.
2, 5
Suppose -169*q = -168*q - l - 40005, 160008 = 4*q - l. List the prime factors of q.
13, 17, 181
Let m(w) = w**3 - w**2 - 96*w + 1323. What are the prime factors of m(0)?
3, 7
Suppose -2*x + 2*u - u = -222, -3*u + 12 = 0. Let k = x + 273. List the prime factors of k.
2, 193
Let m = -83 + 116. Let l be m + (0/(0 - -3) - 1). Suppose -l = -t - 7*t. List the prime factors of t.
2
Let u be 7/(-14) - 16671/(-6). Suppose 0 = -5*y - 12*p + 8*p + 2772, -5*y + u = p. List the prime factors of y.
2, 139
Let h(n) = -3*n**3 + 2*n**3 - 2*n - 4*n + 13*n**2 - 238 + 250. List the prime factors of h(10).
2, 3, 7
Suppose -33*h + 38*h - 25 = 0. Suppose h*q - z = 56 + 1301, 0 = -q - z + 269. What are the prime factors of q?
271
Let o(t) be the second derivative of -1/6*t**3 - 1/2*t**4 - 29/2*t**2 + 38*t + 0 - 1/20*t**5. List the prime factors of o(-8).
107
Let f(m) = m**3 + 19*m**2 + 9*m + 24. Let i be f(-18). Suppose 2*b + 3*b - 35 = 0. Let z = b + i. List the prime factors of z.
193
Suppose 53310 = 3*k + 4*q - 2493, 5*q = 5*k - 92970. List the prime factors of k.
3, 6199
Let p(w) = w**3 + 6*w**2 + 8*w + 1. Let z be p(-4). Let g = z + 1. List the prime factors of g.
2
Suppose 210 = -8*q + 18*q. List the prime factors of (301/q + -7)*81/2.
3, 11
Let g = 27199 - 26679. List the prime factors of g.
2, 5, 13
Let r be (4 - 48/9)*(-12)/8. Let b(z) = -z**r + 66 - 36 + 22*z - 34. List the prime factors of b(7).
101
Let d = -60566 + 91095. List the prime factors of d.
30529
Let x(z) = 5842*z - 11225. What are the prime factors of x(7)?
29669
Suppose -7*l - 33106 = -2*i - 11*l, 0 = -5*i - 3*l + 82807. What are the prime factors of i?
5, 3313
Let x = 41588 - -2018. What are the prime factors of x?
2, 21803
Let z = 6683 + -3671. What are the prime factors of z?
2, 3, 251
What are the prime factors of 1 - -70062 - (-32)/48*9?
41, 1709
Let a(w) = w**3 + 20*w**2 + 15*w - 72. Let s be a(-19). Suppose 1104 = s*f + 4*p, -6*p = 3*f - 7*p - 824. What are the prime factors of f?
5, 11
Suppose -19 = 4*w + 17. Let a be (111/w)/(((-2)/6)/(-1)). Let s = a + 82. What are the prime factors of s?
3, 5
Suppose 5*p - 2*h = 48074, -3*p = -6*p + h + 28845. List the prime factors of p.
2, 601
Let l = -1609 + 13012. List the prime factors of l.
3, 7, 181
Let h be (-619856)/(-104) + 6/(-39). Suppose -9*c = -c + h. Let a = -495 - c. What are the prime factors of a?
2, 5
Let k = -385 + 376. What are the prime factors of 537*4/k*(-3)/2?
2, 179
Suppose 16 = 4*u - 4. Suppose 4*l = -2*p + 184, -p - 27 = -u*l - 140. List the prime factors of p.
2, 7
Let w(y) = -125*y + 35. Let u(a) = -21*a + 6. Let p(h) = -25*u(h) + 4*w(h). Let s be p(3). Let c = s + -51. List the prime factors of c.
2, 7
Let m = 11 - 35. Let v be (m/(-10))/((-2)/35). Let q = 67 